4513
In base 16, what is -73e + 703?
-3b
In base 12, what is 43851b4 + -4?
43851b0
In base 6, what is 223 - 541453?
-541230
In base 14, what is 74 - 2828c?
-28218
In base 6, what is -3 - 2025114345?
-2025114352
In base 3, what is 100112 - 1121200010?
-1121022121
In base 8, what is 5 + 54117017?
54117024
In base 16, what is -2 + -4a5e81b?
-4a5e81d
In base 12, what is -2 + -6180399?
-618039b
In base 14, what is 3748 - 4bd?
3269
In base 9, what is -20 + 142154?
142134
In base 15, what is -2c7 + -7018?
-72e0
In base 15, what is 5 - 1229e?
-12299
In base 5, what is -4 - -34313323?
34313314
In base 2, what is -10010110111 - -1101110100?
-101000011
In base 6, what is 10131425105 + -4?
10131425101
In base 6, what is -42350 - -3152011?
3105221
In base 6, what is 33 + -14235413?
-14235340
In base 3, what is -2201201101 - 102100?
-2202010201
In base 6, what is 3205 + 2022305?
2025514
In base 5, what is -1104 - -1323220222?
1323214113
In base 16, what is daf94 + -5b4?
da9e0
In base 12, what is 1b4 + -1a8ab?
-1a6b7
In base 14, what is 1 + 9d2d9?
9d2da
In base 4, what is 13113303332 + 1?
13113303333
In base 15, what is 5 + -15a760?
-15a75a
In base 9, what is -131 + -227784?
-228025
In base 2, what is -1101000010001000001001 - -10000?
-1101000010000111111001
In base 9, what is -2 + -1231750?
-1231752
In base 15, what is 3d6da79 + 9?
3d6da83
In base 10, what is 376 + 2374?
2750
In base 12, what is 286 + -150b22?
-150858
In base 14, what is 322dc64 + -15?
322dc4d
In base 14, what is dd81 - 83?
dcdc
In base 7, what is -45303164 - -23?
-45303141
In base 7, what is -3036 - 11161246?
-11164315
In base 14, what is -338b94 + 7?
-338b8b
In base 3, what is 2021200122202 - 2021?
2021200120111
In base 10, what is -73001 + -365?
-73366
In base 2, what is 10011010 + 100010010101101000111001?
100010010101101011010011
In base 12, what is -210 - -b578?
b368
In base 6, what is 2432355 - -1400?
2434155
In base 7, what is 2330266 - 104?
2330162
In base 2, what is 1011101110100 + 10100011?
1100000010111
In base 9, what is -1 - 24063601?
-24063602
In base 5, what is 0 + 404343141330?
404343141330
In base 10, what is -85825 + 12?
-85813
In base 7, what is 21151 + 21163?
42344
In base 9, what is 0 - -1162345?
1162345
In base 6, what is 4 + -130412003?
-130411555
In base 10, what is 818 - -4587?
5405
In base 2, what is -111 - 111111110010110111?
-111111110010111110
In base 15, what is 3 - 1580dde?
-1580ddb
In base 7, what is -2036 - 13211?
-15250
In base 2, what is -1101101101000 + -11100111000100?
-101010100101100
In base 12, what is -1060 - -1b36?
a96
In base 16, what is 3222bb - -3?
3222be
In base 3, what is 1100211010 + -10201201?
1020002102
In base 3, what is 201021210220100 + 0?
201021210220100
In base 15, what is -c3 + -ee83?
-10056
In base 16, what is 10098c + -57?
100935
In base 10, what is 7 - 17594845?
-17594838
In base 7, what is -6221 + -236?
-6460
In base 13, what is -161 + -60981?
-60b12
In base 9, what is 1362657 - 18?
1362638
In base 7, what is 1463335 - 116?
1463216
In base 9, what is 145436675 - -2?
145436677
In base 12, what is -15 + -8979872?
-8979887
In base 8, what is -12 - -2605117?
2605105
In base 2, what is 10001010010001101011011 - -11?
10001010010001101011110
In base 11, what is -1915 + 119?
-17a7
In base 11, what is -5 - 24231889?
-24231893
In base 8, what is -217 - 124300?
-124517
In base 9, what is -1605432 - -20?
-1605412
In base 12, what is 66207 - 127?
660a0
In base 10, what is -2880 + -819?
-3699
In base 4, what is 2100120112 - -10?
2100120122
In base 12, what is -164a - 3b11?
-555b
In base 15, what is e3cd - -2a2?
e680
In base 15, what is 11 - 304ea05?
-304e9e4
In base 2, what is -1000000010011101 - -1100011101001?
-110011110110100
In base 11, what is 38773 - 3985?
34899
In base 10, what is -298 + -334721?
-335019
In base 9, what is -40 + 51588?
51548
In base 8, what is -3 - -55057206?
55057203
In base 14, what is 1 - -32d544?
32d545
In base 5, what is 21001423 + 12344?
21014322
In base 2, what is 111000011100111111000010 - 1?
111000011100111111000001
In base 12, what is 104 - 177148?
-177044
In base 4, what is 20 + -121223231311?
-121223231231
In base 9, what is -85 - 3523225?
-3523321
In base 7, what is 136434 + -6644?
126460
In base 5, what is -3 - -2010331200?
2010331142
In base 2, what is 111111 - -11111010100010001?
11111010101010000
In base 4, what is -21023130 + -2123?
-21031313
In base 16, what is 34c7 + d80?
4247
In base 11, what is 2 + -1461758?
-1461756
In base 10, what is -235 - -165014?
164779
In base 12, what is -3 - 8657a8?
-8657ab
In base 13, what is 5 - -810b14?
810b19
In base 3, what is 20002020 - -120201?
20122221
In base 2, what is 100100101 - 110010100001?
-101101111100
In base 8, what is -26745725 - -3?
-26745722
In base 9, what is -106704482 - -7?
-106704474
In base 15, what is -ac11a2 + -3?
-ac11a5
In base 10, what is 5 - -68126958?
68126963
In base 9, what is -216638 - 755?
-217504
In base 5, what is -233323 + -2210?
-241033
In base 5, what is -340433 + -24424?
-420412
In base 10, what is 467534879 + 1?
467534880
In base 5, what is -12121340422 + 23?
-12121340344
In base 13, what is -1678 - 6183?
-782b
In base 12, what is -12 - b824?
-b836
In base 15, what is 103 - -113b?
123e
In base 11, what is -58 + 37680?
37623
In base 2, what is 101001011111001 - 101100101010?
100011111001111
In base 3, what is -1222211002010112 - 22?
-1222211002010211
In base 16, what is -d74b - -195?
-d5b6
In base 13, what is 8 - -6bb349?
6bb354
In base 6, what is -34324 - -541?
-33343
In base 4, what is -212331021032 - 3?
-212331021101
In base 7, what is -535251002 - 2?
-535251004
In base 14, what is 2a + -3d61a76?
-3d61a4a
In base 8, what is -6365567 - -1?
-6365566
In base 8, what is 6 + -224525437?
-224525431
In base 16, what is 2581e - 482?
2539c
In base 13, what is -155 - -1bc13?
1ba8b
In base 6, what is 402455 - 4214?
354241
In base 13, what is -150 + 2b415?
2b295
In base 8, what is 114357472 - 0?
114357472
In base 12, what is -287b0 - -441?
-2836b
In base 4, what is 1 - 1300321332201?
-1300321332200
In base 13, what is 2 + -1164b6a?
-1164b68
In base 14, what is -36774ac - 4?
-36774b2
In base 2, what is 11000111 + -1000011111101101010?
-1000011111010100011
In base 11, what is 28321 + 158a?
29900
In base 6, what is 314 - -45042045?
45042403
In base 3, what is 21010021110101201 + 12?
21010021110101220
In base 14, what is 42d - 19c226?
-19bbd7
In base 7, what is 6 + -2011251?
-2011242
In base 6, what is -31 - 205211204?
-205211235
In base 8, what is -670600 + 61?
-670517
In base 8, what is -4 - -3131777?
3131773
In base 16, what is 38d9 + -5bb?
331e
In base 9, what is 72066 - 734?
71232
In base 12, what is -1004 - -5775?
4771
In base 11, what is -a108a747 - 4?
-a108a750
In base 5, what is 24243 + -2143123?
-2113330
In base 8, what is -47403 - -2416?
-44765
In base 11, what is 313252 + -69?
313194
In base 15, what is bd - 1aa6b?
-1a99d
In base 14, what is -12b7 - -177dd?
16526
In base 2, what is 10001 + -110110011011110111101?
-110110011011110101100
In base 13, what is -193 - 473014?
-4731a7
In base 15, what is 1 - -94a61d?
94a61e
In base 12, what is 32325 + 634?
32959
In base 2, what is -1001011101 + 1011111111010001111?
1011111110000110010
In base 5, what is -13220 + -1003020?
-1021240
In base 15, what is -4c5 - 82b2?
-8787
In base 2, what is 11000001001 + 100111110101101010?
101000001101110011
In base 9, what is -80767547 + -5?
-80767553
In base 10, what is -283299 - -208?
-283091
In base 6, what is 2 + 301053515?
301053521
In base 13, what is -9002a + 9b?
-8cc5c
In base 8, what is -7326 - 2363?
-11711
In base 6, what is 4 - 4051222111?
-4051222103
In base 6, what is 5353 + -1024055?
-1014302
In base 14, what is -33a + a2d7?
9d9b
In base 7, what is -14253014 - 364?
-14253411
In base 5, what is 1022 + -120222402?
-120221330
In base 6, what is 5 - -422515551?
422520000
In base 10, what is -173253517 - -3?
-173253514
In base 9, what is -12570258 + -2?
-12570261
In base 6, what is -45045 - 2142000?
-2231045
In base 8, what is 6543456 - -21?
6543477
In base 16, what is 54b6d + ac?
54c19
In base 16, what is -af + 27314b?
27309c
In base 5, what is 2142240 + -24403?
2112332
In base 2, what is 1011110001011001100110110 + 10?
1011110001011001100111